 + 4678. What is the thousands digit of p?
1
Let l = -83 + 125. Suppose 0 = 12*n - 582 + l. What is the tens digit of n?
4
Suppose -j = -9 + 3. Let g(l) = -l - 6*l - j + 1 - l. What is the tens digit of g(-4)?
2
Let m(g) = g**3 - 5*g**2 + g - 1. Let c be m(5). Suppose 2*h + 3*y = 93 + 29, -242 = -c*h - 5*y. What is the tens digit of h?
5
Let s = -2364 - -4834. What is the tens digit of s?
7
Suppose -23*x + 330 = -21*x. What is the hundreds digit of x?
1
Let s = 6 - 20. Let j(g) = 2*g**3 - 3*g**2 - g**3 + 14 + 7*g**2 + 10*g**2. What is the units digit of j(s)?
4
Suppose 3*x = z + 584 + 527, -z = 1. What is the hundreds digit of x?
3
Let r be -1 - 2*1916/(-8). Let z = r + -261. What is the units digit of z?
7
Let n(j) = 1. Let l(k) = -24*k + 4. Let y(i) = l(i) - n(i). Let r be y(-4). Let s = 172 - r. What is the tens digit of s?
7
Let l = -15 + 43. Suppose 4*n - l = 32. Suppose -5*g + 4*s + 84 = 0, -g = 2*s - s - n. What is the units digit of g?
6
Suppose 0 = 10*x - 24*x + 7756. What is the hundreds digit of x?
5
Let w = 2681 - 1518. What is the hundreds digit of w?
1
Suppose -2*o = -o - 4*k - 24, 2*k + 2 = -2*o. Let g be o/(-5)*(-35)/14. Suppose -3*t + 5*i + 95 = 0, -t - 33 = -g*t + 2*i. What is the units digit of t?
5
Let h = -1649 - -2436. What is the hundreds digit of h?
7
Let d(f) = 2*f**3 - 31*f**2 - 20*f - 11. What is the units digit of d(18)?
9
Suppose 3*l - 2*l + 7 = 0. Let g = -9 - l. What is the units digit of ((-14)/g)/(2/8)?
8
Let v(b) = -3*b + 38. Let x be v(11). Suppose -x*d + 698 = -u, -287 = -2*d - 2*u + 5*u. What is the tens digit of d?
3
Let c be (0 - 0)/(2 - 1). Suppose -4*p = -y + 22 - 5, 5*p + 25 = c. What is the units digit of 12 + (y + 2 - -3)?
4
Let h(l) = l**3 + 20*l**2 - 26*l + 84. What is the units digit of h(-14)?
4
Let o be (2 - (-2)/(-2))*(-4)/(-1). Suppose 5*z - z = -o*v + 344, -4*z - v + 332 = 0. What is the tens digit of z?
8
Suppose 3*w - 35 = 118. Let d = 114 - w. What is the units digit of d?
3
Let n(x) = 3*x + 8*x - 5*x - 1. What is the tens digit of n(8)?
4
Let l(c) = -4*c + 0*c + c + 45 + 4*c. What is the tens digit of l(0)?
4
Let x(n) = n + 3*n**2 + 6*n**3 - 7*n**3 - 4*n**2 + 14. What is the tens digit of x(0)?
1
Suppose 0 = -4*v + 1024 + 420. What is the units digit of v?
1
Let a(r) = -r**2 + r - 9. Let g be a(0). Let u = 6 + g. Let o = u - -5. What is the units digit of o?
2
Let v = 22 + -4. Let u = -10 - -29. Suppose v*o + 7 = u*o. What is the units digit of o?
7
Suppose 11 = u + 8. What is the tens digit of (-1)/u*(-78)/2?
1
Let t be -14*2/12*3. Let m = 9 + t. What is the tens digit of -2 - 60/(-8)*m?
1
Suppose 3*v = 18 + 12. Suppose -14*o + 96 = -v*o. What is the tens digit of o?
2
Suppose 26*u - 22 = 30. Let a be 4 + 0 + (1 - 1). Suppose -143 = -5*q - 2*l + 57, -a*q - u*l = -160. What is the tens digit of q?
4
Let a(k) = 23*k**2 + 6*k - 10. What is the thousands digit of a(14)?
4
Let p = -297 - -445. What is the hundreds digit of p?
1
Let u(s) = s**2 - 5*s + 921. What is the units digit of u(0)?
1
Let n(s) = -5*s**2 + 2*s - 1. Let o be n(1). What is the tens digit of 5 + (4 + o - -56)?
6
Let c be -2 + 3 + -2 - -533. Suppose q = 5*q - c. What is the tens digit of q?
3
Let a(k) = -24*k - 7. Let y be a(-3). Suppose y = 4*o - 3*f, 4*o - 81 = -4*f - 9. What is the tens digit of o?
1
What is the units digit of (286/6)/(6/18)?
3
What is the units digit of 6/(-8 + (-14052)/(-1756))?
4
Suppose 0 = a - 2, -3*o = -o + 3*a - 286. Suppose f - o = -4*f. What is the tens digit of f?
2
Let b(s) = s**3 - s**2 - 7*s + 6. What is the hundreds digit of b(6)?
1
Suppose -5*h - 30 = -3*n, 3*h + 6 = -3. Suppose -a = -n*a + 20. Suppose 0 = -l - a*q + 13, -4*l + 28 = -q - 3*q. What is the units digit of l?
8
Let b = 112 - 109. Suppose -588 = -j - b*j. What is the units digit of j?
7
Suppose 0 = 26*x - 613 - 5419. What is the units digit of x?
2
What is the tens digit of (-1)/(((-1)/466)/(21/14))?
9
What is the units digit of -590*(6/(-15))/((-4)/(-20))?
0
Suppose f + 76 - 291 = -5*s, -f - 5 = 0. What is the tens digit of (-644)/(-10) - s/110?
6
Suppose 2*n + 25 = -5*s - 3*n, -s - 15 = 3*n. Suppose -r + 76 = -s*r. What is the units digit of r?
6
Let p = 6 - 13. Let k(b) = -b**2 - 9*b - 5. Let n be k(p). Suppose -n*g + 102 = -6*g. What is the tens digit of g?
3
Suppose 0 = -9*d + 5*d + 384. What is the tens digit of d?
9
Let p(q) = 9*q**3 - 2*q**2 + 3*q - 4. Let z = 16 + -13. What is the units digit of p(z)?
0
Let k(n) be the first derivative of n**3/3 + n**2 + 6*n - 3. What is the units digit of k(-9)?
9
Let i(z) = -z**2 + 9*z - 9. Let o be i(9). Let n = o + 10. Suppose -4*u - n = -109. What is the units digit of u?
7
Suppose 66*q = 67*q - 4. Suppose r = h - 51 - 48, q*r = 16. What is the tens digit of h?
0
Let m be (-17)/(-3) + 14/(-21). Let z(v) = m - 4*v**2 + 3*v**2 - 4*v - 5*v. What is the units digit of z(-8)?
3
Let j(h) = 22*h - 415. What is the tens digit of j(60)?
0
Let r = -3 - -5. Suppose 3*v - 5 = 4, 3*v = -5*t + 219. Suppose 3*g = 2*o + g - t, 0 = -r*o + 5*g + 42. What is the tens digit of o?
2
Let k(t) = -t + 105. Let l be 6/14 + 3/(-7). What is the tens digit of k(l)?
0
What is the units digit of (-10)/((-240)/(-18))*4 - -907?
4
Let k(f) = -5*f + 2. Let h be k(-4). Let y(o) = -o**2 + o + 8. Let l be y(-2). What is the units digit of (h/(-55))/(l/(-40))?
8
Suppose -5*f + b = -6600, -2521 - 1439 = -3*f + 4*b. What is the thousands digit of f?
1
Let d(v) = 17*v**2 + 3*v + 1. Let h be d(3). Suppose h + 107 = 2*f. Suppose -4*c - 4*s + f = 27, -2*c + s + 51 = 0. What is the tens digit of c?
2
Let h(y) = -7*y**3 + 4*y**2 + 6*y + 3. Let t(d) = 3*d**3 - 2*d**2 - 3*d - 1. Let v(b) = 2*h(b) + 5*t(b). Let q be v(4). What is the units digit of 489/q - 8/28?
3
Let n = 50 + -113. What is the tens digit of (10 - n) + 4 + -1?
7
Let y(j) = j**3 - 5*j**2 - 3*j + 7. Suppose -3*l - 46 = -7. Let p = l + 19. What is the tens digit of y(p)?
2
Let p(g) = 64*g**2 + 26*g - 27. What is the units digit of p(5)?
3
Suppose -6*t + 12 = -2*t. Suppose 4*h + 3*f + f = 64, -5*h + t*f + 120 = 0. Suppose 0 = -p + h. What is the units digit of p?
1
Suppose -5*l = f - 1184, 4*l - 1773 - 3027 = -4*f. What is the hundreds digit of f?
2
Let i be (-11)/3 + 2/(-6). Let x be (-3)/(i*3/(-12)). Let l = 32 - x. What is the tens digit of l?
3
Let d(y) = 5*y + 78. Let x be d(-15). Let f be 1*71 + 2/2. Let r = f - x. What is the tens digit of r?
6
Let z(t) = -303*t - 48. What is the hundreds digit of z(-3)?
8
Let n = 3192 - 1828. What is the hundreds digit of n?
3
Let c(n) = n**2 - 8*n + 11. Let j be c(5). Let z(i) = -8*i + 8. Let w(l) = 12*l - 12. Let y(k) = 5*w(k) + 8*z(k). What is the tens digit of y(j)?
2
Let t = 30 + -21. What is the units digit of 67 - (4 + 1 - t/3)?
5
Let c = 7 - 19. Let o(p) = -p**2 + 15*p - 28. Let n be o(10). Let m = n + c. What is the units digit of m?
0
Let n be 10/5 + -1 + 68. Suppose -14 - n = -b. What is the units digit of b?
3
What is the units digit of ((-801)/12 - 3)/((-2)/128)?
4
Let k(p) be the third derivative of -8*p**2 + 0*p - 19/6*p**3 + 0 + 1/12*p**4. What is the units digit of k(15)?
1
Let i be ((-24)/10)/(8/(-260)) - -1. Let o = -11 + 16. Suppose -i = -o*l - 4. What is the tens digit of l?
1
Let o = 18 + -14. Suppose 0*p - 456 = -o*p. What is the hundreds digit of p?
1
Let g = -7 + 9. Suppose 5*b - 15 = -2*w, 0 - 6 = -g*b + 4*w. Suppose -2*u = -u + 3*m - 51, 5*u - b*m - 309 = 0. What is the units digit of u?
0
Let y(r) = -r**3 + 16*r**2 - 15*r - 1. Let j be y(15). What is the tens digit of (j - -48)*(1 + 2 - 1)?
9
Suppose 0 = -2*r + 3*r - 4. Suppose -38 = -q + 4*f + 7, -r*q = f - 214. What is the tens digit of q?
5
Let t(j) = 2*j**3 - 15*j**2 + 22*j - 89. What is the thousands digit of t(11)?
1
Suppose 5*w + 2*h = 88 + 26, -2*h = 6. Let z be (-3)/w + (-60)/32. Let n = z - -12. What is the tens digit of n?
1
Suppose 81 + 44 = z. What is the tens digit of z?
2
Suppose -6*u = -7*u - 2. Let a be ((-148)/10)/(1/(-5)). What is the tens digit of (a/2)/(u - -3)?
3
Suppose 3*c + 1868 = 8*c + 2*j, 5*c - 1866 = -4*j. What is the hundreds digit of c?
3
Let z = -6 + 6. Suppose 5*m = -4*l - 28, -5*m + z*m - l - 37 = 0. What is the units digit of (1 - (-4 - m)) + 55?
2
Let s(k) = 10*k**2 + 3*k - 3. What is the tens digit of s(3)?